{"id":198,"date":"2015-04-11T16:40:57","date_gmt":"2015-04-11T19:40:57","guid":{"rendered":"http:\/\/www.galirows.com.br\/meublog\/gideros\/?page_id=198"},"modified":"2015-04-19T11:16:33","modified_gmt":"2015-04-19T14:16:33","slug":"outros-recursos","status":"publish","type":"page","link":"http:\/\/www.galirows.com.br\/meublog\/gideros\/outros-recursos\/","title":{"rendered":"Outros recursos"},"content":{"rendered":"<p>Materiais<\/p>\n<ul>\n<li><a title=\"F\u00edsica com a box2D\" href=\"http:\/\/www.galirows.com.br\/meublog\/gideros\/outros-recursos\/fisica-box2d\/\">Jogos com f\u00edsica<\/a><\/li>\n<li><a title=\"Utilizando o aceler\u00f4metro\" href=\"http:\/\/www.galirows.com.br\/meublog\/gideros\/outros-recursos\/acelerometro\/\">Utilizando o aceler\u00f4metro (movimentos do celular)<\/a><\/li>\n<li><a title=\"Storage (salvando de dados)\" href=\"http:\/\/www.galirows.com.br\/meublog\/gideros\/outros-recursos\/storage-salvar_dados\/\">Storage (para salvamento de coisas do jogo)<\/a><\/li>\n<li><a title=\"Outros recursos \u2013 utilizando a rota\u00e7\u00e3o da tela\" href=\"http:\/\/www.galirows.com.br\/meublog\/gideros\/outros-recursos\/rotacao_tela\/\">Rota\u00e7\u00e3o de tela<\/a><\/li>\n<li><a title=\"Outros recursos \u2013 intera\u00e7\u00e3o em redes sociais\" href=\"http:\/\/www.galirows.com.br\/meublog\/gideros\/outros-recursos\/interacao-redes_sociais\/\">Intera\u00e7\u00e3o com redes sociais<\/a><\/li>\n<\/ul>\n<p>&nbsp;<\/p>\n","protected":false},"excerpt":{"rendered":"<p>Materiais Jogos com f\u00edsica Utilizando o aceler\u00f4metro (movimentos do celular) Storage (para salvamento de coisas do jogo) Rota\u00e7\u00e3o de tela Intera\u00e7\u00e3o com redes sociais &nbsp;<\/p>\n","protected":false},"author":1,"featured_media":0,"parent":0,"menu_order":1,"comment_status":"closed","ping_status":"closed","template":"","meta":{"footnotes":""},"class_list":["post-198","page","type-page","status-publish","hentry"],"aioseo_notices":[],"_links":{"self":[{"href":"http:\/\/www.galirows.com.br\/meublog\/gideros\/wp-json\/wp\/v2\/pages\/198","targetHints":{"allow":["GET"]}}],"collection":[{"href":"http:\/\/www.galirows.com.br\/meublog\/gideros\/wp-json\/wp\/v2\/pages"}],"about":[{"href":"http:\/\/www.galirows.com.br\/meublog\/gideros\/wp-json\/wp\/v2\/types\/page"}],"author":[{"embeddable":true,"href":"http:\/\/www.galirows.com.br\/meublog\/gideros\/wp-json\/wp\/v2\/users\/1"}],"replies":[{"embeddable":true,"href":"http:\/\/www.galirows.com.br\/meublog\/gideros\/wp-json\/wp\/v2\/comments?post=198"}],"version-history":[{"count":4,"href":"http:\/\/www.galirows.com.br\/meublog\/gideros\/wp-json\/wp\/v2\/pages\/198\/revisions"}],"predecessor-version":[{"id":248,"href":"http:\/\/www.galirows.com.br\/meublog\/gideros\/wp-json\/wp\/v2\/pages\/198\/revisions\/248"}],"wp:attachment":[{"href":"http:\/\/www.galirows.com.br\/meublog\/gideros\/wp-json\/wp\/v2\/media?parent=198"}],"curies":[{"name":"wp","href":"https:\/\/api.w.org\/{rel}","templated":true}]}}