{"id":7,"date":"2015-05-29T12:19:23","date_gmt":"2015-05-29T12:19:23","guid":{"rendered":"http:\/\/www.galirows.com.br\/meublog\/jogoseducacionais\/?page_id=7"},"modified":"2020-06-10T11:19:14","modified_gmt":"2020-06-10T14:19:14","slug":"links","status":"publish","type":"page","link":"http:\/\/www.galirows.com.br\/meublog\/jogoseducacionais\/links\/","title":{"rendered":"Links"},"content":{"rendered":"<p><strong>Links de reposit\u00f3rios<\/strong><\/p>\n<ul>\n<li><a href=\"http:\/\/portaldoprofessor.mec.gov.br\/link.html?categoria=258\" target=\"_blank\" rel=\"noopener noreferrer\">Reposit\u00f3rio de link de jogos online e softwares com diversos conte\u00fados educativos, mantido pelo MEC<\/a><\/li>\n<\/ul>\n<p><strong>Links de ferramentas para criar seus pr\u00f3prios jogos<\/strong><\/p>\n<ul>\n<li><a href=\"http:\/\/www.educacaodinamica.com.br\/ed\/views\/index.php\" target=\"_blank\" rel=\"noopener noreferrer\">Educa\u00e7\u00e3o Din\u00e2mica: al\u00e9m de uma ferramenta online para criar novos jogos, existe alguns j\u00e1 criados<\/a><\/li>\n<\/ul>\n<p><strong>Laborat\u00f3rios que desenvolvem jogos educacionais<\/strong><\/p>\n<ul>\n<li><a href=\"https:\/\/www.facebook.com\/thinktedlab\/\">Laborat\u00f3rio de Tecnologias Educacionais (ThinkTEd)<\/a><\/li>\n<li><a href=\"https:\/\/larva.joinville.udesc.br\">LARVA (LAboratory for Research on Visual Applications)<\/a><\/li>\n<\/ul>\n\n\n<p><\/p>\n\n\n\n<p><\/p>\n","protected":false},"excerpt":{"rendered":"<p>Links de reposit\u00f3rios Reposit\u00f3rio de link de jogos online e softwares com diversos conte\u00fados educativos, mantido pelo MEC Links de ferramentas para criar seus pr\u00f3prios jogos Educa\u00e7\u00e3o Din\u00e2mica: al\u00e9m de uma ferramenta online para criar novos jogos, existe alguns j\u00e1 criados Laborat\u00f3rios que desenvolvem jogos educacionais Laborat\u00f3rio de Tecnologias Educacionais (ThinkTEd) LARVA (LAboratory for Research on Visual Applications)<\/p>\n","protected":false},"author":1,"featured_media":0,"parent":0,"menu_order":0,"comment_status":"open","ping_status":"open","template":"","meta":{"footnotes":""},"class_list":["post-7","page","type-page","status-publish","hentry"],"aioseo_notices":[],"_links":{"self":[{"href":"http:\/\/www.galirows.com.br\/meublog\/jogoseducacionais\/wp-json\/wp\/v2\/pages\/7","targetHints":{"allow":["GET"]}}],"collection":[{"href":"http:\/\/www.galirows.com.br\/meublog\/jogoseducacionais\/wp-json\/wp\/v2\/pages"}],"about":[{"href":"http:\/\/www.galirows.com.br\/meublog\/jogoseducacionais\/wp-json\/wp\/v2\/types\/page"}],"author":[{"embeddable":true,"href":"http:\/\/www.galirows.com.br\/meublog\/jogoseducacionais\/wp-json\/wp\/v2\/users\/1"}],"replies":[{"embeddable":true,"href":"http:\/\/www.galirows.com.br\/meublog\/jogoseducacionais\/wp-json\/wp\/v2\/comments?post=7"}],"version-history":[{"count":4,"href":"http:\/\/www.galirows.com.br\/meublog\/jogoseducacionais\/wp-json\/wp\/v2\/pages\/7\/revisions"}],"predecessor-version":[{"id":42,"href":"http:\/\/www.galirows.com.br\/meublog\/jogoseducacionais\/wp-json\/wp\/v2\/pages\/7\/revisions\/42"}],"wp:attachment":[{"href":"http:\/\/www.galirows.com.br\/meublog\/jogoseducacionais\/wp-json\/wp\/v2\/media?parent=7"}],"curies":[{"name":"wp","href":"https:\/\/api.w.org\/{rel}","templated":true}]}}