{"id":856,"date":"2020-07-08T08:54:14","date_gmt":"2020-07-08T11:54:14","guid":{"rendered":"http:\/\/www.galirows.com.br\/meublog\/programacao\/?page_id=856"},"modified":"2020-10-09T12:15:18","modified_gmt":"2020-10-09T15:15:18","slug":"introducaoc-desvio-condicional","status":"publish","type":"page","link":"http:\/\/www.galirows.com.br\/meublog\/programacao\/introducao-linguagem-c\/introducaoc-desvio-condicional\/","title":{"rendered":"Introdu\u00e7\u00e3o ao desvio condicional"},"content":{"rendered":"\n<p>Nem sempre todas as linhas de c\u00f3digo precisam ser executadas. As estruturas condicionais permitem ao algoritmo testar condi\u00e7\u00f5es e definir que partes do c\u00f3digo devem ser executadas. Aqui voc\u00ea conhecer\u00e1 a estrutura condicional\u00a0<em>if<\/em>\u00a0e suas possibilidades de uso.<\/p>\n\n\n\n<figure class=\"wp-block-embed-youtube wp-block-embed is-type-video is-provider-youtube wp-embed-aspect-4-3 wp-has-aspect-ratio\"><div class=\"wp-block-embed__wrapper\">\n<iframe loading=\"lazy\" title=\"Linguagem C - desvio condicional\" width=\"685\" height=\"514\" src=\"https:\/\/www.youtube.com\/embed\/GStazZJibiA?feature=oembed\" frameborder=\"0\" allow=\"accelerometer; autoplay; clipboard-write; encrypted-media; gyroscope; picture-in-picture\" allowfullscreen><\/iframe>\n<\/div><figcaption>Roteiro: <br> (8:26) condicionais if e else<br>(16:21) condicionais aninhados<br>(32:28) uma charge explicada<br>(33:44) condicional switch (apenas citado, mas n\u00e3o explicado)<br>(34:42) exerc\u00edcio: calcular volume de uma esfera<br>(41:40) exerc\u00edcio: votar e\/ou tirar CNH<\/figcaption><\/figure>\n\n\n\n<p>Para avaliar seu entendimento inicial sobre o t\u00f3pico, <a href=\"http:\/\/www.galirows.com.br\/meublog\/programacao\/introducao-linguagem-c\/introducaoc-desvio-condicional\/exercicios-entender-estruturas-desvio-condicional\/\" data-type=\"page\" data-id=\"894\">teste seu entendimento sobre desvio condicional<\/a> avaliando os c\u00f3digos sugeridos.<\/p>\n\n\n\n<p><strong>Material adicional:<\/strong><\/p>\n\n\n\n<ul class=\"wp-block-list\"><li><a href=\"http:\/\/www.galirows.com.br\/meublog\/programacao\/diferenca-arredondamento-funcao-cast\/\" target=\"_blank\" rel=\"noreferrer noopener\">Diferen\u00e7a entre arredondamento por fun\u00e7\u00e3o e por cast<\/a><\/li><\/ul>\n\n\n\n<p><strong>Exerc\u00edcios resolvidos:<\/strong><\/p>\n\n\n\n<ul class=\"wp-block-list\"><li><a href=\"http:\/\/www.galirows.com.br\/meublog\/programacao\/exercicios-desvio-condicional\/\" target=\"_blank\" rel=\"noreferrer noopener\">Exerc\u00edcios de desvio condicional<\/a><\/li><li><a href=\"http:\/\/www.galirows.com.br\/meublog\/programacao\/verificar-se-numero-inteiro\/\" target=\"_blank\" rel=\"noreferrer noopener\">Verificar se o n\u00famero digitado \u00e9 inteiro<\/a><\/li><li><a href=\"http:\/\/www.galirows.com.br\/meublog\/programacao\/construindo-exercicio-triangulo\/\" target=\"_blank\" rel=\"noreferrer noopener\">Validade do tri\u00e2ngulo<\/a><\/li><\/ul>\n","protected":false},"excerpt":{"rendered":"<p>Nem sempre todas as linhas de c\u00f3digo precisam ser executadas. As estruturas condicionais permitem ao algoritmo testar condi\u00e7\u00f5es e definir que partes do c\u00f3digo devem ser executadas. Aqui voc\u00ea conhecer\u00e1 a estrutura condicional\u00a0if\u00a0e suas possibilidades de uso. Roteiro: (8:26) condicionais if e else(16:21) condicionais aninhados(32:28) uma charge explicada(33:44) condicional switch (apenas citado, mas n\u00e3o explicado)(34:42) [&hellip;]<\/p>\n","protected":false},"author":1,"featured_media":0,"parent":830,"menu_order":28,"comment_status":"open","ping_status":"closed","template":"","meta":{"_monsterinsights_skip_tracking":false,"_monsterinsights_sitenote_active":false,"_monsterinsights_sitenote_note":"","_monsterinsights_sitenote_category":0,"footnotes":""},"class_list":["post-856","page","type-page","status-publish","hentry"],"aioseo_notices":[],"amp_enabled":true,"_links":{"self":[{"href":"http:\/\/www.galirows.com.br\/meublog\/programacao\/wp-json\/wp\/v2\/pages\/856","targetHints":{"allow":["GET"]}}],"collection":[{"href":"http:\/\/www.galirows.com.br\/meublog\/programacao\/wp-json\/wp\/v2\/pages"}],"about":[{"href":"http:\/\/www.galirows.com.br\/meublog\/programacao\/wp-json\/wp\/v2\/types\/page"}],"author":[{"embeddable":true,"href":"http:\/\/www.galirows.com.br\/meublog\/programacao\/wp-json\/wp\/v2\/users\/1"}],"replies":[{"embeddable":true,"href":"http:\/\/www.galirows.com.br\/meublog\/programacao\/wp-json\/wp\/v2\/comments?post=856"}],"version-history":[{"count":5,"href":"http:\/\/www.galirows.com.br\/meublog\/programacao\/wp-json\/wp\/v2\/pages\/856\/revisions"}],"predecessor-version":[{"id":981,"href":"http:\/\/www.galirows.com.br\/meublog\/programacao\/wp-json\/wp\/v2\/pages\/856\/revisions\/981"}],"up":[{"embeddable":true,"href":"http:\/\/www.galirows.com.br\/meublog\/programacao\/wp-json\/wp\/v2\/pages\/830"}],"wp:attachment":[{"href":"http:\/\/www.galirows.com.br\/meublog\/programacao\/wp-json\/wp\/v2\/media?parent=856"}],"curies":[{"name":"wp","href":"https:\/\/api.w.org\/{rel}","templated":true}]}}