{"id":986,"date":"2020-11-05T10:35:23","date_gmt":"2020-11-05T12:35:23","guid":{"rendered":"http:\/\/www.galirows.com.br\/meublog\/programacao\/?page_id=986"},"modified":"2020-11-05T10:35:25","modified_gmt":"2020-11-05T12:35:25","slug":"exercicios-entender-funcoes","status":"publish","type":"page","link":"http:\/\/www.galirows.com.br\/meublog\/programacao\/introducao-linguagem-c\/introducao-funcoes\/exercicios-entender-funcoes\/","title":{"rendered":"Exerc\u00edcios para entender fun\u00e7\u00f5es"},"content":{"rendered":"\n<p>Entender o que determinado c\u00f3digo realiza \u00e9 um primeiro passo no aprendizado de algor\u00edtmicos. A proposta aqui \u00e9 avaliar os c\u00f3digo a seguir e acertar a resposta do algoritmo para determinadas entradas. <\/p>\n\n\n\n<p>Se esforce para entender como obter a resposta e n\u00e3o execute o c\u00f3digo para ver o que ele retorna (eu at\u00e9 estou colocando o c\u00f3digo como uma imagem para diminuir a &#8220;vontade&#8221; de fazer isso). Logicamente, algumas partes do c\u00f3digo voc\u00ea pode n\u00e3o entender o que faz, ent\u00e3o n\u00e3o tem problema pegar uma ou outra express\u00e3o para testar e ver como ela funciona. <\/p>\n\n\n\n<hr>\n\n\n\n<p><strong>Primeiro c\u00f3digo<\/strong><\/p>\n\n\n\n<div class=\"wp-block-image\"><figure class=\"aligncenter size-large\"><img loading=\"lazy\" decoding=\"async\" width=\"371\" height=\"423\" src=\"http:\/\/www.galirows.com.br\/meublog\/programacao\/wp-content\/uploads\/sites\/2\/2020\/11\/testeMesa-funcao1.png\" alt=\"\" class=\"wp-image-988\" srcset=\"http:\/\/www.galirows.com.br\/meublog\/programacao\/wp-content\/uploads\/sites\/2\/2020\/11\/testeMesa-funcao1.png 371w, http:\/\/www.galirows.com.br\/meublog\/programacao\/wp-content\/uploads\/sites\/2\/2020\/11\/testeMesa-funcao1-263x300.png 263w\" sizes=\"auto, (max-width: 371px) 100vw, 371px\" \/><\/figure><\/div>\n\n\n\n<p>Resultados esperados<\/p>\n\n\n\n<figure class=\"wp-block-table\"><table><tbody><tr><td>Qual ser\u00e1 o resultado do algoritmo se na instru\u00e7\u00e3o de entrada for fornecido o valor 1?<\/td><td><input type='hidden' bg_collapse_expand='69df39119c6a75092302915' value='69df39119c6a75092302915'><input type='hidden' id='bg-show-more-text-69df39119c6a75092302915' value='Mostrar resposta'><input type='hidden' id='bg-show-less-text-69df39119c6a75092302915' value='Ocultar resposta'><button id='bg-showmore-action-69df39119c6a75092302915' class='bg-showmore-plg-button bg-blue-button bg-eye '   style=\" color:#FFFFFF;\">Mostrar resposta<\/button><div id='bg-showmore-hidden-69df39119c6a75092302915' >1 0<\/div><\/td><\/tr><tr><td>Qual ser\u00e1 o resultado do algoritmo se na instru\u00e7\u00e3o de entrada for fornecido o valor 0?<\/td><td><input type='hidden' bg_collapse_expand='69df39119c7737083928656' value='69df39119c7737083928656'><input type='hidden' id='bg-show-more-text-69df39119c7737083928656' value='Mostrar resposta'><input type='hidden' id='bg-show-less-text-69df39119c7737083928656' value='Ocultar resposta'><button id='bg-showmore-action-69df39119c7737083928656' class='bg-showmore-plg-button bg-blue-button bg-eye '   style=\" color:#FFFFFF;\">Mostrar resposta<\/button><div id='bg-showmore-hidden-69df39119c7737083928656' >9<\/div><\/td><\/tr><tr><td>Qual ser\u00e1 o resultado do algoritmo se na instru\u00e7\u00e3o de entrada for fornecido o valor 2?<\/td><td><input type='hidden' bg_collapse_expand='69df39119c7ea2047020473' value='69df39119c7ea2047020473'><input type='hidden' id='bg-show-more-text-69df39119c7ea2047020473' value='Mostrar resposta'><input type='hidden' id='bg-show-less-text-69df39119c7ea2047020473' value='Ocultar resposta'><button id='bg-showmore-action-69df39119c7ea2047020473' class='bg-showmore-plg-button bg-blue-button bg-eye '   style=\" color:#FFFFFF;\">Mostrar resposta<\/button><div id='bg-showmore-hidden-69df39119c7ea2047020473' >2 -5<\/div><\/td><\/tr><tr><td>Qual ser\u00e1 o resultado do algoritmo se na instru\u00e7\u00e3o de entrada for fornecido o valor 3?<\/td><td><input type='hidden' bg_collapse_expand='69df39119c8517057432844' value='69df39119c8517057432844'><input type='hidden' id='bg-show-more-text-69df39119c8517057432844' value='Mostrar resposta'><input type='hidden' id='bg-show-less-text-69df39119c8517057432844' value='Ocultar resposta'><button id='bg-showmore-action-69df39119c8517057432844' class='bg-showmore-plg-button bg-blue-button bg-eye '   style=\" color:#FFFFFF;\">Mostrar resposta<\/button><div id='bg-showmore-hidden-69df39119c8517057432844' >10<\/div><\/td><\/tr><\/tbody><\/table><\/figure>\n\n\n\n<hr>\n\n\n\n<p><strong>Segundo c\u00f3digo<\/strong><\/p>\n\n\n\n<div class=\"wp-block-image\"><figure class=\"aligncenter size-large\"><img loading=\"lazy\" decoding=\"async\" width=\"277\" height=\"209\" src=\"http:\/\/www.galirows.com.br\/meublog\/programacao\/wp-content\/uploads\/sites\/2\/2020\/11\/testeMesa-funcao2.png\" alt=\"\" class=\"wp-image-990\"\/><\/figure><\/div>\n\n\n\n<p>Resultados esperados<\/p>\n\n\n\n<figure class=\"wp-block-table\"><table><tbody><tr><td>Qual ser\u00e1 o resultado da execu\u00e7\u00e3o do algoritmo?<\/td><td><input type='hidden' bg_collapse_expand='69df39119c8b53089383857' value='69df39119c8b53089383857'><input type='hidden' id='bg-show-more-text-69df39119c8b53089383857' value='Mostrar resposta'><input type='hidden' id='bg-show-less-text-69df39119c8b53089383857' value='Ocultar resposta'><button id='bg-showmore-action-69df39119c8b53089383857' class='bg-showmore-plg-button bg-blue-button bg-eye '   style=\" color:#FFFFFF;\">Mostrar resposta<\/button><div id='bg-showmore-hidden-69df39119c8b53089383857' >10 19 19<\/div><\/td><\/tr><\/tbody><\/table><\/figure>\n\n\n\n<hr>\n\n\n\n<p><strong>Terceiro c\u00f3digo<\/strong><\/p>\n\n\n\n<div class=\"wp-block-image\"><figure class=\"aligncenter size-large\"><img loading=\"lazy\" decoding=\"async\" width=\"274\" height=\"298\" src=\"http:\/\/www.galirows.com.br\/meublog\/programacao\/wp-content\/uploads\/sites\/2\/2020\/11\/testeMesa-funcao3.png\" alt=\"\" class=\"wp-image-991\"\/><\/figure><\/div>\n\n\n\n<p>Resultados esperados<\/p>\n\n\n\n<figure class=\"wp-block-table\"><table><tbody><tr><td>Qual ser\u00e1 o resultado do algoritmo se na instru\u00e7\u00e3o de entrada for fornecido o valor 10?<\/td><td><input type='hidden' bg_collapse_expand='69df39119c9191027142669' value='69df39119c9191027142669'><input type='hidden' id='bg-show-more-text-69df39119c9191027142669' value='Mostrar resposta'><input type='hidden' id='bg-show-less-text-69df39119c9191027142669' value='Ocultar resposta'><button id='bg-showmore-action-69df39119c9191027142669' class='bg-showmore-plg-button bg-blue-button bg-eye '   style=\" color:#FFFFFF;\">Mostrar resposta<\/button><div id='bg-showmore-hidden-69df39119c9191027142669' >10<\/div><\/td><\/tr><tr><td>Qual ser\u00e1 o resultado do algoritmo se na instru\u00e7\u00e3o de entrada for fornecido o valor -1?<\/td><td><input type='hidden' bg_collapse_expand='69df39119c97c6015623927' value='69df39119c97c6015623927'><input type='hidden' id='bg-show-more-text-69df39119c97c6015623927' value='Mostrar resposta'><input type='hidden' id='bg-show-less-text-69df39119c97c6015623927' value='Ocultar resposta'><button id='bg-showmore-action-69df39119c97c6015623927' class='bg-showmore-plg-button bg-blue-button bg-eye '   style=\" color:#FFFFFF;\">Mostrar resposta<\/button><div id='bg-showmore-hidden-69df39119c97c6015623927' >23<\/div><\/td><\/tr><tr><td>Qual ser\u00e1 o resultado do algoritmo se na instru\u00e7\u00e3o de entrada for fornecido o valor 1?<\/td><td><input type='hidden' bg_collapse_expand='69df39119c9df7006696681' value='69df39119c9df7006696681'><input type='hidden' id='bg-show-more-text-69df39119c9df7006696681' value='Mostrar resposta'><input type='hidden' id='bg-show-less-text-69df39119c9df7006696681' value='Ocultar resposta'><button id='bg-showmore-action-69df39119c9df7006696681' class='bg-showmore-plg-button bg-blue-button bg-eye '   style=\" color:#FFFFFF;\">Mostrar resposta<\/button><div id='bg-showmore-hidden-69df39119c9df7006696681' >26<\/div><\/td><\/tr><tr><td>Qual ser\u00e1 o resultado do algoritmo se na instru\u00e7\u00e3o de entrada for fornecido o valor 2?<\/td><td><input type='hidden' bg_collapse_expand='69df39119ca427059128867' value='69df39119ca427059128867'><input type='hidden' id='bg-show-more-text-69df39119ca427059128867' value='Mostrar resposta'><input type='hidden' id='bg-show-less-text-69df39119ca427059128867' value='Ocultar resposta'><button id='bg-showmore-action-69df39119ca427059128867' class='bg-showmore-plg-button bg-blue-button bg-eye '   style=\" color:#FFFFFF;\">Mostrar resposta<\/button><div id='bg-showmore-hidden-69df39119ca427059128867' >22<\/div><\/td><\/tr><\/tbody><\/table><\/figure>\n","protected":false},"excerpt":{"rendered":"<p>Entender o que determinado c\u00f3digo realiza \u00e9 um primeiro passo no aprendizado de algor\u00edtmicos. A proposta aqui \u00e9 avaliar os c\u00f3digo a seguir e acertar a resposta do algoritmo para determinadas entradas. Se esforce para entender como obter a resposta e n\u00e3o execute o c\u00f3digo para ver o que ele retorna (eu at\u00e9 estou colocando [&hellip;]<\/p>\n","protected":false},"author":1,"featured_media":0,"parent":983,"menu_order":0,"comment_status":"open","ping_status":"closed","template":"","meta":{"_monsterinsights_skip_tracking":false,"_monsterinsights_sitenote_active":false,"_monsterinsights_sitenote_note":"","_monsterinsights_sitenote_category":0,"footnotes":""},"class_list":["post-986","page","type-page","status-publish","hentry"],"aioseo_notices":[],"amp_enabled":true,"_links":{"self":[{"href":"http:\/\/www.galirows.com.br\/meublog\/programacao\/wp-json\/wp\/v2\/pages\/986","targetHints":{"allow":["GET"]}}],"collection":[{"href":"http:\/\/www.galirows.com.br\/meublog\/programacao\/wp-json\/wp\/v2\/pages"}],"about":[{"href":"http:\/\/www.galirows.com.br\/meublog\/programacao\/wp-json\/wp\/v2\/types\/page"}],"author":[{"embeddable":true,"href":"http:\/\/www.galirows.com.br\/meublog\/programacao\/wp-json\/wp\/v2\/users\/1"}],"replies":[{"embeddable":true,"href":"http:\/\/www.galirows.com.br\/meublog\/programacao\/wp-json\/wp\/v2\/comments?post=986"}],"version-history":[{"count":3,"href":"http:\/\/www.galirows.com.br\/meublog\/programacao\/wp-json\/wp\/v2\/pages\/986\/revisions"}],"predecessor-version":[{"id":992,"href":"http:\/\/www.galirows.com.br\/meublog\/programacao\/wp-json\/wp\/v2\/pages\/986\/revisions\/992"}],"up":[{"embeddable":true,"href":"http:\/\/www.galirows.com.br\/meublog\/programacao\/wp-json\/wp\/v2\/pages\/983"}],"wp:attachment":[{"href":"http:\/\/www.galirows.com.br\/meublog\/programacao\/wp-json\/wp\/v2\/media?parent=986"}],"curies":[{"name":"wp","href":"https:\/\/api.w.org\/{rel}","templated":true}]}}